{"id":2347,"date":"2025-05-12T19:35:46","date_gmt":"2025-05-12T19:35:46","guid":{"rendered":"https:\/\/laroadstore.com\/?post_type=product&#038;p=2347"},"modified":"2026-03-19T20:22:52","modified_gmt":"2026-03-19T20:22:52","slug":"bell-custom-500-ece-r22-06-verde-mate","status":"publish","type":"product","link":"https:\/\/laroadstore.com\/index.php\/producto\/bell-custom-500-ece-r22-06-verde-mate\/","title":{"rendered":"Bell Custom 500 ECE R22.06 &#8211; Verde Mate"},"content":{"rendered":"<p>Tallas disponibles: M L y XL<\/p>\n<p>Para m\u00e1s informaci\u00f3n escr\u00edbenos al whatsapp 3508409830<\/p>\n","protected":false},"excerpt":{"rendered":"<p>Tallas disponibles: M L y XL Para m\u00e1s informaci\u00f3n escr\u00edbenos al whatsapp 3508409830<\/p>\n","protected":false},"featured_media":2336,"comment_status":"open","ping_status":"closed","template":"","meta":{"_uag_custom_page_level_css":"","_mi_skip_tracking":false,"_monsterinsights_sitenote_active":false,"_monsterinsights_sitenote_note":"","_monsterinsights_sitenote_category":0,"spay_email":""},"product_cat":[17,21],"product_tag":[],"uagb_featured_image_src":{"full":["https:\/\/laroadstore.com\/wp-content\/uploads\/2025\/05\/WhatsApp-Image-2025-05-12-at-14.16.57.jpeg",592,592,false],"thumbnail":["https:\/\/laroadstore.com\/wp-content\/uploads\/2025\/05\/WhatsApp-Image-2025-05-12-at-14.16.57-150x150.jpeg",150,150,true],"medium":["https:\/\/laroadstore.com\/wp-content\/uploads\/2025\/05\/WhatsApp-Image-2025-05-12-at-14.16.57-300x300.jpeg",300,300,true],"medium_large":["https:\/\/laroadstore.com\/wp-content\/uploads\/2025\/05\/WhatsApp-Image-2025-05-12-at-14.16.57.jpeg",592,592,false],"large":["https:\/\/laroadstore.com\/wp-content\/uploads\/2025\/05\/WhatsApp-Image-2025-05-12-at-14.16.57.jpeg",592,592,false],"1536x1536":["https:\/\/laroadstore.com\/wp-content\/uploads\/2025\/05\/WhatsApp-Image-2025-05-12-at-14.16.57.jpeg",592,592,false],"2048x2048":["https:\/\/laroadstore.com\/wp-content\/uploads\/2025\/05\/WhatsApp-Image-2025-05-12-at-14.16.57.jpeg",592,592,false],"woocommerce_thumbnail":["https:\/\/laroadstore.com\/wp-content\/uploads\/2025\/05\/WhatsApp-Image-2025-05-12-at-14.16.57-300x300.jpeg",300,300,true],"woocommerce_single":["https:\/\/laroadstore.com\/wp-content\/uploads\/2025\/05\/WhatsApp-Image-2025-05-12-at-14.16.57.jpeg",592,592,false],"woocommerce_gallery_thumbnail":["https:\/\/laroadstore.com\/wp-content\/uploads\/2025\/05\/WhatsApp-Image-2025-05-12-at-14.16.57-100x100.jpeg",100,100,true],"dgwt-wcas-product-suggestion":["https:\/\/laroadstore.com\/wp-content\/uploads\/2025\/05\/WhatsApp-Image-2025-05-12-at-14.16.57-64x64.jpeg",64,64,true]},"uagb_author_info":{"display_name":"laroadstore0102","author_link":"https:\/\/laroadstore.com\/index.php\/author\/"},"uagb_comment_info":0,"uagb_excerpt":"Tallas disponibles: M L y XL Para m\u00e1s informaci\u00f3n escr\u00edbenos al whatsapp 3508409830","_links":{"self":[{"href":"https:\/\/laroadstore.com\/index.php\/wp-json\/wp\/v2\/product\/2347"}],"collection":[{"href":"https:\/\/laroadstore.com\/index.php\/wp-json\/wp\/v2\/product"}],"about":[{"href":"https:\/\/laroadstore.com\/index.php\/wp-json\/wp\/v2\/types\/product"}],"replies":[{"embeddable":true,"href":"https:\/\/laroadstore.com\/index.php\/wp-json\/wp\/v2\/comments?post=2347"}],"wp:featuredmedia":[{"embeddable":true,"href":"https:\/\/laroadstore.com\/index.php\/wp-json\/wp\/v2\/media\/2336"}],"wp:attachment":[{"href":"https:\/\/laroadstore.com\/index.php\/wp-json\/wp\/v2\/media?parent=2347"}],"wp:term":[{"taxonomy":"product_cat","embeddable":true,"href":"https:\/\/laroadstore.com\/index.php\/wp-json\/wp\/v2\/product_cat?post=2347"},{"taxonomy":"product_tag","embeddable":true,"href":"https:\/\/laroadstore.com\/index.php\/wp-json\/wp\/v2\/product_tag?post=2347"}],"curies":[{"name":"wp","href":"https:\/\/api.w.org\/{rel}","templated":true}]}}