{"id":2086,"date":"2024-12-06T18:34:53","date_gmt":"2024-12-06T18:34:53","guid":{"rendered":"https:\/\/laroadstore.com\/?post_type=product&#038;p=2086"},"modified":"2025-12-03T19:44:03","modified_gmt":"2025-12-03T19:44:03","slug":"intercom-fp-btr1-advanced","status":"publish","type":"product","link":"https:\/\/laroadstore.com\/index.php\/producto\/intercom-fp-btr1-advanced\/","title":{"rendered":"Intercom Fp BTR1 Advan (PROMO)"},"content":{"rendered":"<p>Con el intercomunicador para moto BTR1 ADVANCE FP tendr\u00e1s una soluci\u00f3n definitiva a la comunicaci\u00f3n con tu grupo de amigos mientras recorres el mundo en moto. Gracias a su incre\u00edble rendimiento y a la avanzada tecnolog\u00eda de este accesorio para moto, podr\u00e1s conectarte hasta con 4 personas, incluso si estas tienen dispositivos de otras marcas.<\/p>\n","protected":false},"excerpt":{"rendered":"<p>Con el intercomunicador para moto BTR1 ADVANCE FP tendr\u00e1s una soluci\u00f3n definitiva a la comunicaci\u00f3n con tu grupo de amigos mientras recorres el mundo en moto. Gracias a su incre\u00edble rendimiento y a la avanzada tecnolog\u00eda de este accesorio para moto, podr\u00e1s conectarte hasta con 4 personas, incluso si estas tienen dispositivos de otras marcas.<\/p>\n","protected":false},"featured_media":2088,"comment_status":"open","ping_status":"closed","template":"","meta":{"_uag_custom_page_level_css":"","_mi_skip_tracking":false,"_monsterinsights_sitenote_active":false,"_monsterinsights_sitenote_note":"","_monsterinsights_sitenote_category":0,"spay_email":""},"product_cat":[17,21],"product_tag":[],"uagb_featured_image_src":{"full":["https:\/\/laroadstore.com\/wp-content\/uploads\/2024\/12\/intercom-fp-btr1-advanced-3.jpg",1600,1066,false],"thumbnail":["https:\/\/laroadstore.com\/wp-content\/uploads\/2024\/12\/intercom-fp-btr1-advanced-3-150x150.jpg",150,150,true],"medium":["https:\/\/laroadstore.com\/wp-content\/uploads\/2024\/12\/intercom-fp-btr1-advanced-3-300x200.jpg",300,200,true],"medium_large":["https:\/\/laroadstore.com\/wp-content\/uploads\/2024\/12\/intercom-fp-btr1-advanced-3-768x512.jpg",768,512,true],"large":["https:\/\/laroadstore.com\/wp-content\/uploads\/2024\/12\/intercom-fp-btr1-advanced-3-1024x682.jpg",1024,682,true],"1536x1536":["https:\/\/laroadstore.com\/wp-content\/uploads\/2024\/12\/intercom-fp-btr1-advanced-3-1536x1023.jpg",1536,1023,true],"2048x2048":["https:\/\/laroadstore.com\/wp-content\/uploads\/2024\/12\/intercom-fp-btr1-advanced-3.jpg",1600,1066,false],"woocommerce_thumbnail":["https:\/\/laroadstore.com\/wp-content\/uploads\/2024\/12\/intercom-fp-btr1-advanced-3-300x300.jpg",300,300,true],"woocommerce_single":["https:\/\/laroadstore.com\/wp-content\/uploads\/2024\/12\/intercom-fp-btr1-advanced-3-600x400.jpg",600,400,true],"woocommerce_gallery_thumbnail":["https:\/\/laroadstore.com\/wp-content\/uploads\/2024\/12\/intercom-fp-btr1-advanced-3-100x100.jpg",100,100,true],"dgwt-wcas-product-suggestion":["https:\/\/laroadstore.com\/wp-content\/uploads\/2024\/12\/intercom-fp-btr1-advanced-3-64x43.jpg",64,43,true]},"uagb_author_info":{"display_name":"laroadstore0102","author_link":"https:\/\/laroadstore.com\/index.php\/author\/"},"uagb_comment_info":0,"uagb_excerpt":"Con el intercomunicador para moto BTR1 ADVANCE FP tendr\u00e1s una soluci\u00f3n definitiva a la comunicaci\u00f3n con tu grupo de amigos mientras recorres el mundo en moto. Gracias a su incre\u00edble rendimiento y a la avanzada tecnolog\u00eda de este accesorio para moto, podr\u00e1s conectarte hasta con 4 personas, incluso si estas tienen dispositivos de otras marcas.","_links":{"self":[{"href":"https:\/\/laroadstore.com\/index.php\/wp-json\/wp\/v2\/product\/2086"}],"collection":[{"href":"https:\/\/laroadstore.com\/index.php\/wp-json\/wp\/v2\/product"}],"about":[{"href":"https:\/\/laroadstore.com\/index.php\/wp-json\/wp\/v2\/types\/product"}],"replies":[{"embeddable":true,"href":"https:\/\/laroadstore.com\/index.php\/wp-json\/wp\/v2\/comments?post=2086"}],"wp:featuredmedia":[{"embeddable":true,"href":"https:\/\/laroadstore.com\/index.php\/wp-json\/wp\/v2\/media\/2088"}],"wp:attachment":[{"href":"https:\/\/laroadstore.com\/index.php\/wp-json\/wp\/v2\/media?parent=2086"}],"wp:term":[{"taxonomy":"product_cat","embeddable":true,"href":"https:\/\/laroadstore.com\/index.php\/wp-json\/wp\/v2\/product_cat?post=2086"},{"taxonomy":"product_tag","embeddable":true,"href":"https:\/\/laroadstore.com\/index.php\/wp-json\/wp\/v2\/product_tag?post=2086"}],"curies":[{"name":"wp","href":"https:\/\/api.w.org\/{rel}","templated":true}]}}